2
Evaluate 0 + 0 + 1 + 2.
3
What is the value of (-1 - -4) + -1 - -1 - 4?
-1
What is 8 + -2 + 6 + -8?
4
What is the value of 0 + (9 + -7 - (2 + 2))?
-2
Calculate (6 - -3) + -6 + -5 + 5.
3
Calculate 4 + (2 - 8) - -1.
-1
Evaluate -3 + (3 - (3 + -5)).
2
-1 - -6 - (11 + -8)
2
Calculate 1 - -7 - (74 - 70).
4
What is -11 + 5 + 4 + (-1 - 0)?
-3
What is the value of -16 - -2 - -8 - (-4 + 0)?
-2
What is the value of -8 - (-20 - -20 - (-1 - -3))?
-6
-5 + (-1 - 1) + -3 + 17
7
5 - (-1 - (-9 - -5)) - -3
5
What is 28 + -27 + -1 + (-1 - -8)?
7
What is the value of (0 + -2 - -2) + 3?
3
What is -1 + (6 - 9) + 7?
3
Calculate -4 + 2 + 8 - (-7 + 5).
8
Evaluate 3 + -5 + -2 - -4.
0
What is 5 - ((4 - -2) + -3)?
2
What is -3 + 3 + 12 + -7 - 11?
-6
What is -7 + (5 - 7 - -13) + -12?
-8
-4 + (6 - 1) + 5 - 1
5
What is the value of 3 + -9 + 3 - 3?
-6
-314 - -307 - (1 - 13)
5
Evaluate (25 - 19) + (-4 - 1).
1
What is 9 + 0 + (-10 - (-1 + -2))?
2
Calculate (4 + -6 - 0) + 4 + -8.
-6
What is (-7 - 4) + -1 + 2 + 3?
-7
What is -9 + 23 - (0 + 12)?
2
What is (-9 + 3 - -6) + -6 - -8?
2
What is the value of -8 + 2 + -3 + 3 + 3?
-3
What is the value of 2 + 1 + (2 - 8 - -3)?
0
Calculate -5 + 6 + -1 + 1 + 2.
3
What is the value of 1 + -1 - 5 - (67 - 73)?
1
Evaluate 2 - 10 - -12 - -2.
6
What is the value of (-3 - -3) + -1 + -3?
-4
Evaluate -2 + (5 + -7 - -7).
3
What is the value of -6 - 1 - (-2 - 4) - -2?
1
-2 + (-5 - (7 - 6))
-8
What is -7 + 5 + -5 - (-3 + 2)?
-6
What is 0 + 5 - ((-3 - 10) + 25)?
-7
Evaluate -5 + (5 - 2) - -5.
3
Evaluate 10 + (-1 + -7 - -5 - -2).
9
-31 + 12 - -12 - (1 + -9)
1
Evaluate (-3 - -4) + (4 - 1) + -1.
3
(-6 + 2 - -4) + -2
-2
13 + -15 + -5 + 6
-1
What is 17 + -21 - (0 - (0 - -2))?
-2
What is the value of (2 - 6) + 3 + -2?
-3
What is 0 - (4 - 1 - 8)?
5
(0 - -3) + -6 + (15 - 3)
9
What is 4 + -2 + (3 - 5) + 1?
1
(2 - (-2 + 4)) + -5 + 0
-5
What is the value of 1 - (0 + 4 - (-7 + 6))?
-4
What is the value of -9 + (6 - (-4 + 5))?
-4
5 + -6 + 5 + -2
2
-5 - -2 - (-29 + 29)
-3
What is 13 - (-10 - -29 - 9)?
3
Calculate -3 + 1 + 30 + -27 + -1.
0
Evaluate (-2 - 2) + 1 + 1.
-2
Calculate -7 + 10 - (19 + -12).
-4
Evaluate (-1 - -10) + (-18 - -5).
-4
Evaluate -10 - (-5 + 15 + -12).
-8
Calculate (-2 - 0) + (7 - (12 + -8)).
1
(13 - 20) + 1 + 4
-2
1 - 1 - -1 - (18 - 19)
2
Evaluate (0 - 14 - -14) + 7 + -1.
6
Calculate 0 + 12 - (4 + (-5 - -6)).
7
Calculate -3 - (8 + -5 + -1).
-5
What is 3 + -5 - (-1 + 1 + 1)?
-3
Evaluate (6 + -1 - (0 + 3)) + 3.
5
What is (4 + -6 - -2) + -8?
-8
What is the value of -10 + 6 - (1 + -6)?
1
What is 1 + (-1 + -1 - -1)?
0
Evaluate (0 - -5) + (-13 - -8).
0
Calculate -2 + 8 - ((-1 - -2) + 0).
5
Evaluate -3 + 1 - (-8 - (-9 + -1)).
-4
What is -17 + 10 - (-1 + 2) - -3?
-5
(-2 - -5) + (2 - 7) + 1
-1
-3 + 9 + 0 + -4
2
What is 2 - (2 + (-2 - 1))?
3
Calculate 50 + -51 - (-1 - 7).
7
What is -1 + (2 - -1) + -7?
-5
0 + 1 - (17 - 11)
-5
What is the value of 2 + -4 - -2 - (7 + -5)?
-2
What is (-8 - (7 - 7)) + 5?
-3
What is -2 - (2 - (-8 + 15 + -12))?
-9
Calculate -2 + -4 - (-4 + 2).
-4
(-12 - -7 - -12) + -2
5
What is the value of (0 + -1 - 1) + (-1 - 0)?
-3
Evaluate 11 - (4 + (8 - 4)).
3
Calculate 2 + 2 + 2 + (-6 - -2).
2
19 - (22 - 3) - (0 - 0)
0
Calculate 1 + -3 - (8 + -2 + -5).
-3
What is 0 - ((-11 - -18) + 0)?
-7
Calculate 5 - 1 - (-5 + 3 + 4).
2
Calculate 1 + -4 - (-3 + 2).
-2
What is -1 + -2 + 1 - 3?
-5
Calculate (3 - 2) + 1 + -5.
-3
-1 - ((-4 - 0) + 4)
-1
Calculate 3 + (-1 - (1 - 6) - 6).
1
Calculate (29 - 23) + (-6 - -1 - -1).
2
Evaluate 1 + -1 + (-1 - (0 - -2)).
-3
Evaluate -6 - (8 + (-24 - -9)).
1
(-10 - -3) + 4 + 4 + -4
-3
(-10 - -4) + 0 + 12
6
What is the value of 3 + (4 - 8 - -4 - 0)?
3
What is 11 - 9 - (2 + -4)?
4
What is -3 + (-3 - -4) + 3?
1
Evaluate -15 - -13 - (-7 + -4).
9
Calculate (2 - ((-3 - -3) + 0)) + 1.
3
What is the value of -2 + 2 - 4 - (-4 - 0)?
0
What is the value of (-3 - -6) + -1 + -7?
-5
What is the value of 1 + 0 + (1 - 5)?
-3
What is 0 - (7 + -4) - (-1 + -7)?
5
What is the value of -3 + (7 - -1) + -1?
4
Evaluate (1 - (3 - 7)) + -2.
3
Evaluate -1 + -4 + 25 + (-23 - -12).
9
Calculate (1 - (-3 - (-6 + 5))) + 3.
6
Evaluate (2 - 9) + 0 - -12.
5
(-16 - -5) + 10 - 1
-2
What is (3 - (0 + 2)) + 3?
4
What is 4 - (-1 - 13 - -12)?
6
What is 1 + -9 + 2 + 1?
-5
Calculate (56 - 60) + (0 - -7).
3
(0 - -4) + (-7 - (3 - 3))
-3
What is -4 - -1 - (-14 - -13) - 2?
-4
(-1 - 7) + 11 + -6 + 0
-3
4 + 1 + (-3 - (4 + -4))
2
What is -1 + 1 + 1 + -12 + 4?
-7
Evaluate -16 + 12 + 1 + -2.
-5
-8 + 16 + -11 - (-11 - -5)
3
(1 - -6) + -41 + 35
1
Evaluate (-11 - -5) + (0 - -6).
0
Calculate 7 - (1 + 2) - (-4 + 3).
5
What is the value of (-20 - -15) + 2 + 5?
2
Evaluate (18 - 10) + (4 - 3).
9
What is the value of -8 - 0 - (10 + (-17 - -6))?
-7
What is the value of -1 + 6 - (-3 + 10)?
-2
4 - (-1 - -3 - 0) - -3
5
Evaluate (-1 - 3) + (9 + -25 - -16).
-4
What is the value of -6 + 5 + 1 + 1?
1
17 - 27 - (1 - 0 - 4)
-7
Calculate (-1 - -1) + 5 - (-4 + 4).
5
What is the value of (-27 - -29) + 1 + (0 - -1)?
4
What is the value of 4 + 7 + -7 - 4?
0
Calculate 2 - (0 + 2 - (3 + -1)).
2
What is 3 - -1 - (1 + 1) - 2?
0
What is (2 - 3) + (-28 - -14) + 11?
-4
What is 1 + -9 - -8 - (-7 - -4)?
3
9 + -8 + (0 - 4)
-3
What is (-9 + 0 - -6) + -2?
-5
-1 + 4 - (-1 + 8 - 0)
-4
(2 - 5) + 1 - (8 - 12)
2
What is 9 + (-9 + 10 - 11)?
-1
What is the value of (0 + 4 - -1) + -1 + -6?
-2
Calculate -8 - (-6 - (-1 + (-10 - -6))).
-7
What is 3 + (5 - 3) + -2?
3
Calculate 9 - (7 - (2 + 1)).
5
What is 4 - (-3 + 1) - 3 - 1?
2
What is the value of -2 + 0 - (2 - 2)?
-2
What is the value of (-3 - (2 + 4 + 0)) + 4?
-5
What is -7 + 6 - (2 + -1 + -2)?
0
What is (3 - (-1 + 2)) + -8?
-6
-15 + 8 + -4 + -7 + 9
-9
What is the value of (-4 - -8) + (-1 - 2)?
1
What is the value of 1 + -10 + (7 - 3)?
-5
-4 - (4 - (1 + 4))
-3
What is -3 + (-6 - -4 - -5)?
0
What is the value of 2 - (2 - 2) - (-10 + 16)?
-4
What is -8 - (-6 - (-7 + 7))?
-2
3 - (6 + 3) - (1 + -4)
-3
Evaluate (3 - (1 + -9)) + (-19 - -13).
5
What is -1 - (6 + 1 + 16 + -23)?
-1
Evaluate 3 - 3 - (-3 + 6).
-3
Calculate (-4 - -9) + -7 + 9.
7
Calculate -2 + (6 - 2) + -9.
-7
What is the value of 0 + -3 + (-5 - -1) + 1?
-6
What is (-258 - -279) + (-10 - 1)?
10
What is the value of 8 - (1 - (-10 + 10))?
7
-3 + 1 - (28 - 31)
1
What is the value of -3 + 2 - -3 - 4?
-2
Evaluate -1 + 1 + -1 - (35 + -35).
-1
(-1 - -6) + (5 - -1) + -19
-8
Calculate (-2 - 1) + 4 + (-7 - -8).
2
(1 - -3 - (-2 - -2)) + -4
0
Evaluate 6 - ((-7 - -3) + 5).
5
Evaluate (33 - 29) + 1 + 1.
6
What is (1 - (2 + 1 + -6)) + 0?
4
-2 + 2 + 6 - (139 - 129)
-4
(2 - -6) + 0 + -13
-5
Evaluate 4 + (4 - (4 - -8)).
-4
Evaluate 22 - 23 - (-6 + 0).
5
Evaluate 9 - (-7 - (-1 + -7) - -6).
2
Calculate (2 - (1 + 4)) + (-21 - -23).
-1
What is the value of -2 - (0 + (-2 - 0))?
0
What is (8 - (11 - 0)) + 6?
3
What is the value of 2 + 5 + -14 + 3?
-4
What is the value of (10 - (8 - -13)) + (6 - 0)?
-5
Evaluate -3 + 9 + (-15 - -7).
-2
What is the value of 1 - (7 + -3 + -8)?
5
What is the value of 2 + -2 - (-2 - -2)?
0
-8 + (-7 - -11) + 4
0
-15 - -7 - (2 - 9)
-1
Calculate 0 - (-1 + 9 - 2 - 2).
-4
What is (-1 - ((-4 - -3) + 2)) + -3?
-5
(1 - 13) + 18 - -3
9
-6 - (-1 - -5 - 12) - -5
7
Evaluate (11 - 4 - 2) + (4 - 2).
7
Evaluate -4 + 12 - (-3 + 0 + 6).
5
-6 + -6 + (3 - -5)
-4
What is (5 - 14) + 16 + 1?
8
Calculate 18 + (-2 - 7) + -5.
4
-5 + 7 + -2 + -1
-1
1 - ((3 - -5) + (-2 - 4))
-1
4 - (-6 + 11 + -5)
4
-2 + -4 + (-4 - -10)
0
What is the value of 0 + -2 + 2 + 0?
0
What is 5 + 1 + (1 - 3 - 3)?
1
0 + -4 - (-6 + 8 + -9)
3
What is the value of 7 - 5 - (6 + 0 - 7)?
3
What is (3 - (0 - -3)) + -10 - 0?
-10
What is 5 - 3 - (2 + (3 - 1))?
-2
Evaluate 9 + -1 - (27 + -11).
-8
Evaluate 0 + (-7 + 1 - (42 - 46)).
-2
Calculate -8 - (6 - 14 - -3) - 0.
-3
Evaluate (1 - 0 - 1) + 2 - 1.
1
Calculate -6 + 5 - -5 - -1.
5
What is the value of -2 + -7 + 11 - (12 - 1)?
-9
Calculate 45 - 47 - (3 - -1).
-6
5 + -3 + (3 - 1)
4
What is the value of -10 + 0 + (8 - -1)?
-1
1 + 0 + (-14 - (6 + -22))
3
Evaluate ((-6 - -1) + 3 - 4) + 7.
1
Evaluate (2 - 3) + 8 + -4.
3
2 + 7 + -4 + -11
-6
What is 3 - 5 - (2 + -6)?
2
What is (-6 - (-1 + -1)) + -7 + 16?
5
What is -4 + (0 + (-6 - -14) - 3)?
1
Calculate -4 + (5 - (4 - 5)).
2
What is 0 - ((-1 - 4) + (10 - 2))?
-3
Calculate